{"id":15084,"date":"2019-06-28T16:34:35","date_gmt":"2019-06-28T16:34:35","guid":{"rendered":"https:\/\/www.tuesday5.de\/?page_id=15084"},"modified":"2019-06-28T17:06:27","modified_gmt":"2019-06-28T17:06:27","slug":"datenschutzerklaerung","status":"publish","type":"page","link":"https:\/\/www.tuesday5.de\/index.php\/datenschutzerklaerung\/","title":{"rendered":"IMPRESSUM"},"content":{"rendered":"\n<p><\/p>\n\n\n\n<h2 class=\"wp-block-heading\">Impressum<\/h2>\n\n\n\n<p>Personenbezogene Daten (nachfolgend  zumeist nur &#8222;Daten&#8220; genannt) werden von uns nur im Rahmen der  Erforderlichkeit sowie zum Zwecke der Bereitstellung eines  funktionsf\u00e4higen und nutzerfreundlichen Internetauftritts, inklusive  seiner Inhalte und der dort angebotenen Leistungen, verarbeitet.<\/p>\n\n\n\n<h2 class=\"wp-block-heading\">Pflichtangaben gem\u00e4\u00df \u00a75 Telemediengesetz (TMG)<\/h2>\n\n\n\n<h4 class=\"wp-block-heading\">Felix Hoffmann<\/h4>\n\n\n\n<p>Seizstr.6<\/p>\n\n\n\n<p>54290 Trier<\/p>\n\n\n\n<p>Telefon: +49 651 20 60 56 75<br> E-Mail: felix.hoffmann95@gmail.com<\/p>\n\n\n\n<p>Verantwortlicher f\u00fcr den Inhalt des Internetauftrittes <\/p>\n\n\n\n<p><a href=\"https:\/\/www.tuesday5.de\/#!\/up\">Home<\/a><\/p>\n\n\n\n<p>Felix Hoffmann<\/p>\n\n\n\n<p><\/p>\n\n\n\n<h2 class=\"wp-block-heading\">Haftungsausschluss<\/h2>\n\n\n\n<p>Mit Urteil vom 12. Mai 1998 \u2013 312 O 85\/98 \u2013 \u201eHaftung f\u00fcr Links\u201c hat \ndas Landgericht (LG) in Hamburg entschieden, dass man durch die \nAnbringung eines Links die Inhalte der gelinkten Seite ggf. mit zu \nverantworten hat. Dies kann \u2013 so das LG \u2013 nur dadurch verhindert werden,\n indem man sich ausdr\u00fccklich von diesen Inhalten distanziert.<\/p>\n\n\n\n<p>Trotz sorgf\u00e4ltiger Kontrolle \u00fcbernehmen wir keine Haftung f\u00fcr die \nInhalte externer Links. F\u00fcr den Inhalt der verlinkten Seiten sind \nausschlie\u00dflich deren Betreiber verantwortlich.<\/p>\n\n\n\n<p>Mit der nachfolgenden  Datenschutzerkl\u00e4rung informieren wir Sie insbesondere \u00fcber Art, Umfang,  Zweck, Dauer und Rechtsgrundlage der Verarbeitung personenbezogener  Daten, soweit wir entweder allein oder gemeinsam mit anderen \u00fcber die  Zwecke und Mittel der Verarbeitung entscheiden. Zudem informieren wir  Sie nachfolgend \u00fcber die von uns zu Optimierungszwecken sowie zur  Steigerung der Nutzungsqualit\u00e4t eingesetzten Fremdkomponenten, soweit  hierdurch Dritte Daten in wiederum eigener Verantwortung verarbeiten.<\/p>\n\n\n\n<h2 class=\"wp-block-heading\">Copyright<\/h2>\n\n\n\n<p>Alle Rechte vorbehalten. Jedwede auch auszugsweise Vervielf\u00e4ltigung, \nWeitergabe oder sonstige Verwertung der hier ver\u00f6ffentlichten Inhalte, \nDarstellungen Logos und Fotos bedarf unserer schriftlichen Zustimmung.<\/p>\n\n\n\n<p>Unsere Datenschutzerkl\u00e4rung ist wie folgt gegliedert:<\/p>\n\n\n\n<h2 class=\"wp-block-heading\">Hinweis zum Inhalt des Onlineangebotes<\/h2>\n\n\n\n<p>Der Autor \u00fcbernimmt keinerlei Gew\u00e4hr f\u00fcr die Aktualit\u00e4t, Korrektheit,\n Vollst\u00e4ndigkeit oder Qualit\u00e4t der bereitgestellten Informationen. \nHaftungsanspr\u00fcche gegen den Autor, welche sich auf Sch\u00e4den materieller \noder ideeller Art beziehen, die durch die Nutzung oder Nichtnutzung der \ndargebotenen Informationen bzw. durch die Nutzung fehlerhafter und \nunvollst\u00e4ndiger Informationen verursacht wurden, sind grunds\u00e4tzlich \nausgeschlossen, sofern seitens des Autors kein nachweislich \nvors\u00e4tzliches oder grob fahrl\u00e4ssiges Verschulden vorliegt.<\/p>\n\n\n\n<p>Alle Angebote sind freibleibend und unverbindlich. Der Autor beh\u00e4lt \nes sich ausdr\u00fccklich vor, Teile der Seiten oder das gesamte Angebot ohne\n gesonderte Ank\u00fcndigung zu ver\u00e4ndern, zu erg\u00e4nzen, zu l\u00f6schen oder die \nVer\u00f6ffentlichung zeitweise oder endg\u00fcltig einzustellen.<\/p>\n","protected":false},"excerpt":{"rendered":"<p>Impressum Personenbezogene Daten (nachfolgend zumeist nur &#8222;Daten&#8220; genannt) werden von uns nur im Rahmen der Erforderlichkeit sowie zum Zwecke der Bereitstellung eines funktionsf\u00e4higen und nutzerfreundlichen Internetauftritts, inklusive seiner Inhalte und der dort angebotenen Leistungen, verarbeitet. Pflichtangaben gem\u00e4\u00df \u00a75 Telemediengesetz (TMG) Felix Hoffmann Seizstr.6 54290 Trier Telefon: +49 651 20 60 56 75 E-Mail: felix.hoffmann95@gmail.com Verantwortlicher&hellip;<\/p>\n","protected":false},"author":2,"featured_media":0,"parent":0,"menu_order":0,"comment_status":"closed","ping_status":"closed","template":"","meta":{"footnotes":""},"_links":{"self":[{"href":"https:\/\/www.tuesday5.de\/index.php\/wp-json\/wp\/v2\/pages\/15084"}],"collection":[{"href":"https:\/\/www.tuesday5.de\/index.php\/wp-json\/wp\/v2\/pages"}],"about":[{"href":"https:\/\/www.tuesday5.de\/index.php\/wp-json\/wp\/v2\/types\/page"}],"author":[{"embeddable":true,"href":"https:\/\/www.tuesday5.de\/index.php\/wp-json\/wp\/v2\/users\/2"}],"replies":[{"embeddable":true,"href":"https:\/\/www.tuesday5.de\/index.php\/wp-json\/wp\/v2\/comments?post=15084"}],"version-history":[{"count":4,"href":"https:\/\/www.tuesday5.de\/index.php\/wp-json\/wp\/v2\/pages\/15084\/revisions"}],"predecessor-version":[{"id":15098,"href":"https:\/\/www.tuesday5.de\/index.php\/wp-json\/wp\/v2\/pages\/15084\/revisions\/15098"}],"wp:attachment":[{"href":"https:\/\/www.tuesday5.de\/index.php\/wp-json\/wp\/v2\/media?parent=15084"}],"curies":[{"name":"wp","href":"https:\/\/api.w.org\/{rel}","templated":true}]}}